{"id":30,"date":"2024-01-31T16:44:59","date_gmt":"2024-01-31T16:44:59","guid":{"rendered":"https:\/\/bloomfestbudapest.hu\/?page_id=30"},"modified":"2024-05-16T16:54:57","modified_gmt":"2024-05-16T16:54:57","slug":"fooldal","status":"publish","type":"page","link":"https:\/\/bloomfestbudapest.hu\/","title":{"rendered":"F\u0151oldal"},"content":{"rendered":"<p>[et_pb_section fb_built=&#8221;1&#8243; disabled_on=&#8221;on|on|off&#8221; _builder_version=&#8221;4.16&#8243; _module_preset=&#8221;default&#8221; background_color=&#8221;#7a999b&#8221; width=&#8221;100%&#8221; custom_margin=&#8221;-61px||||false|false&#8221; custom_padding=&#8221;0px|0px|19px|0px|false|false&#8221; global_colors_info=&#8221;{}&#8221;][et_pb_row _builder_version=&#8221;4.16&#8243; _module_preset=&#8221;default&#8221; custom_padding=&#8221;||0px|||&#8221; global_colors_info=&#8221;{}&#8221;][et_pb_column type=&#8221;4_4&#8243; _builder_version=&#8221;4.16&#8243; _module_preset=&#8221;default&#8221; global_colors_info=&#8221;{}&#8221;][et_pb_text _builder_version=&#8221;4.16&#8243; _module_preset=&#8221;default&#8221; global_colors_info=&#8221;{}&#8221;][\/et_pb_text][\/et_pb_column][\/et_pb_row][\/et_pb_section][et_pb_section fb_built=&#8221;1&#8243; disabled_on=&#8221;on|on|off&#8221; _builder_version=&#8221;4.16&#8243; _module_preset=&#8221;default&#8221; background_image=&#8221;https:\/\/bloomfestbudapest.hu\/wp-content\/uploads\/2024\/02\/bloom_web_red.png&#8221; background_position=&#8221;top_center&#8221; custom_padding=&#8221;||530px|||&#8221; global_colors_info=&#8221;{}&#8221;][\/et_pb_section][et_pb_section fb_built=&#8221;1&#8243; disabled_on=&#8221;off|off|on&#8221; _builder_version=&#8221;4.16&#8243; _module_preset=&#8221;default&#8221; background_image=&#8221;https:\/\/bloomfestbudapest.hu\/wp-content\/uploads\/2024\/02\/bloom_web_png.png&#8221; background_size=&#8221;contain&#8221; background_position=&#8221;top_center&#8221; custom_padding=&#8221;||459px|||&#8221; global_colors_info=&#8221;{}&#8221;][\/et_pb_section][et_pb_section fb_built=&#8221;1&#8243; _builder_version=&#8221;4.16&#8243; _module_preset=&#8221;default&#8221; custom_padding=&#8221;13px|||||&#8221; global_colors_info=&#8221;{}&#8221;][et_pb_row _builder_version=&#8221;4.16&#8243; _module_preset=&#8221;default&#8221; global_colors_info=&#8221;{}&#8221;][et_pb_column type=&#8221;4_4&#8243; _builder_version=&#8221;4.16&#8243; _module_preset=&#8221;default&#8221; global_colors_info=&#8221;{}&#8221;][et_pb_text _builder_version=&#8221;4.16&#8243; _module_preset=&#8221;default&#8221; text_line_height=&#8221;1.8em&#8221; global_colors_info=&#8221;{}&#8221;]<\/p>\n<h2>BLOOM fest Budapest<\/h2>\n<p>[\/et_pb_text][\/et_pb_column][\/et_pb_row][et_pb_row _builder_version=&#8221;4.16&#8243; _module_preset=&#8221;default&#8221; custom_margin=&#8221;-20px|auto||auto||&#8221; global_colors_info=&#8221;{}&#8221;][et_pb_column type=&#8221;4_4&#8243; _builder_version=&#8221;4.16&#8243; _module_preset=&#8221;default&#8221; global_colors_info=&#8221;{}&#8221;][et_pb_text _builder_version=&#8221;4.16&#8243; _module_preset=&#8221;default&#8221; global_colors_info=&#8221;{}&#8221;]<\/p>\n<p><span style=\"font-family: arial, sans-serif; font-size: 17px;\">V\u00e1rosban, vir\u00e1gosan\u2026 a Budat\u00e9t\u00e9nyi R\u00f3zsakertben!<\/span><\/p>\n<div>\n<div>\n<div>\n<div><span style=\"font-family: arial, sans-serif;\">Minden \u00e9rz\u00e9kszerveddel ott leszel!<\/span><\/div>\n<div><span style=\"font-family: arial, sans-serif;\">\u00a0<\/span><\/div>\n<div><span style=\"font-family: arial, sans-serif;\">Ahogy a r\u00f3zs\u00e1k sz\u00e9ps\u00e9g\u00fckkel, illatukkal, sz\u00edneivel, szirmai \u00edz\u00e9vel var\u00e1zsolnak, azt szeretn\u00e9nk, hogy ez a h\u00e9tv\u00e9ge sz\u00f3ljon a n\u00f6v\u00e9nyek, vir\u00e1gok adta \u00f6r\u00f6mr\u0151l minden \u00e9rz\u00e9kszervvel \u00e9rezhet\u0151en!:)\u00a0A legszebb pomp\u00e1j\u00e1t mutat\u00f3 2,5 hekt\u00e1ros Roz\u00e1riumban j\u00fanius 8-9-\u00e9n\u00a0 kert\u00e9szetek, kert\u00e9p\u00edt\u0151k, kerttervez\u0151k, n\u00f6v\u00e9ny- \u00e9s vir\u00e1g\u00e1rusok, termel\u0151k, kerti berendez\u00e9sek, \u201ez\u00f6ld\u00edt\u0151\u201d v\u00e1llalkoz\u00e1sok, term\u00e9szetk\u00f6zeli diz\u00e1jn \u00e9s k\u00fcl\u00f6nleges n\u00f6v\u00e9nyi eredet\u0171 sz\u00e9ps\u00e9g\u00e1pol\u00e1si, wellness \u00e9s gasztron\u00f3miai term\u00e9kek, workshopok, besz\u00e9lget\u00e9sek, vezetett r\u00f3zsakerti\u00a0s\u00e9ta, ambient zene, gyerek foglalkoz\u00e1sok v\u00e1rj\u00e1k a l\u00e1togat\u00f3kat.\u00a0<\/span><\/div>\n<div><span style=\"font-family: arial, sans-serif;\">V\u00e1runk minden n\u00f6v\u00e9ny rajong\u00f3t j\u00fanius 8-9-\u00e9n Budapest legvir\u00e1<\/span><span>gosabb h\u00e9tv\u00e9g\u00e9j\u00e9re a Budat\u00e9t\u00e9nyi R\u00f3zsakertbe!<\/span><\/div>\n<\/div>\n<div><span style=\"color: #000000;\">\u00a0<\/span><\/div>\n<div>\n<p><span style=\"color: #000000;\"><span>I<\/span><span style=\"font-family: arial, sans-serif;\">d\u0151pont:<br \/>2024. j\u00fanius 8., szombat 9:00 \u2013 19:00<br \/>2024. j\u00fanius 9., vas\u00e1rnap 9:00 \u2013 19:00<\/span><\/span><\/p>\n<p><span style=\"color: #000000; font-family: arial, sans-serif;\">Helysz\u00edn:<br \/>Budat\u00e9t\u00e9nyi R\u00f3zsakert, 1223 Budapest, Budat\u00e9t\u00e9nyi \u00fat 188-190.<\/span><\/p>\n<p><a href=\"https:\/\/www.facebook.com\/events\/1501626617365311\" target=\"_blank\" data-saferedirecturl=\"https:\/\/www.google.com\/url?q=https:\/\/www.facebook.com\/events\/1501626617365311&amp;source=gmail&amp;ust=1715963123963000&amp;usg=AOvVaw08f4MEkbDpeLOvXE7yCPax\" rel=\"noopener\">https:\/\/www.facebook.com\/<wbr \/>events\/1501626617365311<\/a><\/p>\n<\/div>\n<\/div>\n<\/div>\n<div><span style=\"font-family: arial, sans-serif;\">Inform\u00e1ci\u00f3:<\/span><\/div>\n<div><span style=\"font-family: arial, sans-serif;\"><a href=\"mailto:bloomfestbudapest@gmail.com\" target=\"_blank\" rel=\"noopener\">bloomfestbudapest@gmail.com<\/a><\/span><\/div>\n<p>&nbsp;<\/p>\n<p>[\/et_pb_text][\/et_pb_column][\/et_pb_row][\/et_pb_section]<\/p>\n","protected":false},"excerpt":{"rendered":"<p>BLOOM fest BudapestV\u00e1rosban, vir\u00e1gosan\u2026 a Budat\u00e9t\u00e9nyi R\u00f3zsakertben! Minden \u00e9rz\u00e9kszerveddel ott leszel! \u00a0 Ahogy a r\u00f3zs\u00e1k sz\u00e9ps\u00e9g\u00fckkel, illatukkal, sz\u00edneivel, szirmai \u00edz\u00e9vel var\u00e1zsolnak, azt szeretn\u00e9nk, hogy ez a h\u00e9tv\u00e9ge sz\u00f3ljon a n\u00f6v\u00e9nyek, vir\u00e1gok adta \u00f6r\u00f6mr\u0151l minden \u00e9rz\u00e9kszervvel \u00e9rezhet\u0151en!:)\u00a0A legszebb pomp\u00e1j\u00e1t mutat\u00f3 2,5 hekt\u00e1ros Roz\u00e1riumban j\u00fanius 8-9-\u00e9n\u00a0 kert\u00e9szetek, kert\u00e9p\u00edt\u0151k, kerttervez\u0151k, n\u00f6v\u00e9ny- \u00e9s vir\u00e1g\u00e1rusok, termel\u0151k, kerti berendez\u00e9sek, \u201ez\u00f6ld\u00edt\u0151\u201d v\u00e1llalkoz\u00e1sok, [&hellip;]<\/p>\n","protected":false},"author":1,"featured_media":0,"parent":0,"menu_order":0,"comment_status":"closed","ping_status":"closed","template":"","meta":{"_et_pb_use_builder":"on","_et_pb_old_content":"","_et_gb_content_width":"","footnotes":""},"class_list":["post-30","page","type-page","status-publish","hentry"],"_links":{"self":[{"href":"https:\/\/bloomfestbudapest.hu\/index.php\/wp-json\/wp\/v2\/pages\/30","targetHints":{"allow":["GET"]}}],"collection":[{"href":"https:\/\/bloomfestbudapest.hu\/index.php\/wp-json\/wp\/v2\/pages"}],"about":[{"href":"https:\/\/bloomfestbudapest.hu\/index.php\/wp-json\/wp\/v2\/types\/page"}],"author":[{"embeddable":true,"href":"https:\/\/bloomfestbudapest.hu\/index.php\/wp-json\/wp\/v2\/users\/1"}],"replies":[{"embeddable":true,"href":"https:\/\/bloomfestbudapest.hu\/index.php\/wp-json\/wp\/v2\/comments?post=30"}],"version-history":[{"count":46,"href":"https:\/\/bloomfestbudapest.hu\/index.php\/wp-json\/wp\/v2\/pages\/30\/revisions"}],"predecessor-version":[{"id":240,"href":"https:\/\/bloomfestbudapest.hu\/index.php\/wp-json\/wp\/v2\/pages\/30\/revisions\/240"}],"wp:attachment":[{"href":"https:\/\/bloomfestbudapest.hu\/index.php\/wp-json\/wp\/v2\/media?parent=30"}],"curies":[{"name":"wp","href":"https:\/\/api.w.org\/{rel}","templated":true}]}}

Főoldal

<p>[et_pb_section fb_built=&#8221;1&#8243; disabled_on=&#8221;on|on|off&#8221; _builder_version=&#8221;4.16&#8243; _module_preset=&#8221;default&#8221; background_color=&#8221;#7a999b&#8221; width=&#8221;100%&#8221; custom_margin=&#8221;-61px||||false|false&#8221; custom_padding=&#8221;0px|0px|19px|0px|false|false&#8221; global_colors_info=&#8221;{}&#8221;][et_pb_row _builder_version=&#8221;4.16&#8243; _module_preset=&#8221;default&#8221; custom_padding=&#8221;||0px|||&#8221; global_colors_info=&#8221;{}&#8221;][et_pb_column type=&#8221;4_4&#8243; _builder_version=&#8221;4.16&#8243; _module_preset=&#8221;default&#8221; global_colors_info=&#8221;{}&#8221;][et_pb_text _builder_version=&#8221;4.16&#8243; _module_preset=&#8221;default&#8221; global_colors_info=&#8221;{}&#8221;][/et_pb_text][/et_pb_column][/et_pb_row][/et_pb_section][et_pb_section fb_built=&#8221;1&#8243; disabled_on=&#8221;on|on|off&#8221; _builder_version=&#8221;4.16&#8243; _module_preset=&#8221;default&#8221; background_image=&#8221;https://bloomfestbudapest.hu/wp-content/uploads/2024/02/bloom_web_red.png&#8221; background_position=&#8221;top_center&#8221; custom_padding=&#8221;||530px|||&#8221; global_colors_info=&#8221;{}&#8221;][/et_pb_section][et_pb_section fb_built=&#8221;1&#8243; disabled_on=&#8221;off|off|on&#8221; _builder_version=&#8221;4.16&#8243; _module_preset=&#8221;default&#8221; background_image=&#8221;https://bloomfestbudapest.hu/wp-content/uploads/2024/02/bloom_web_png.png&#8221; background_size=&#8221;contain&#8221; background_position=&#8221;top_center&#8221; custom_padding=&#8221;||459px|||&#8221; global_colors_info=&#8221;{}&#8221;][/et_pb_section][et_pb_section fb_built=&#8221;1&#8243; _builder_version=&#8221;4.16&#8243; _module_preset=&#8221;default&#8221; custom_padding=&#8221;13px|||||&#8221; global_colors_info=&#8221;{}&#8221;][et_pb_row _builder_version=&#8221;4.16&#8243; _module_preset=&#8221;default&#8221; global_colors_info=&#8221;{}&#8221;][et_pb_column type=&#8221;4_4&#8243; _builder_version=&#8221;4.16&#8243; _module_preset=&#8221;default&#8221; global_colors_info=&#8221;{}&#8221;][et_pb_text _builder_version=&#8221;4.16&#8243; _module_preset=&#8221;default&#8221; text_line_height=&#8221;1.8em&#8221; global_colors_info=&#8221;{}&#8221;]</p>
<h2>BLOOM fest Budapest</h2>
<p>[/et_pb_text][/et_pb_column][/et_pb_row][et_pb_row _builder_version=&#8221;4.16&#8243; _module_preset=&#8221;default&#8221; custom_margin=&#8221;-20px|auto||auto||&#8221; global_colors_info=&#8221;{}&#8221;][et_pb_column type=&#8221;4_4&#8243; _builder_version=&#8221;4.16&#8243; _module_preset=&#8221;default&#8221; global_colors_info=&#8221;{}&#8221;][et_pb_text _builder_version=&#8221;4.16&#8243; _module_preset=&#8221;default&#8221; global_colors_info=&#8221;{}&#8221;]</p>
<p><span style="font-family: arial, sans-serif; font-size: 17px;">Városban, virágosan… a Budatétényi Rózsakertben!</span></p>
<div>
<div>
<div>
<div><span style="font-family: arial, sans-serif;">Minden érzékszerveddel ott leszel!</span></div>
<div><span style="font-family: arial, sans-serif;"> </span></div>
<div><span style="font-family: arial, sans-serif;">Ahogy a rózsák szépségükkel, illatukkal, színeivel, szirmai ízével varázsolnak, azt szeretnénk, hogy ez a hétvége szóljon a növények, virágok adta örömről minden érzékszervvel érezhetően!:) A legszebb pompáját mutató 2,5 hektáros Rozáriumban június 8-9-én  kertészetek, kertépítők, kerttervezők, növény- és virágárusok, termelők, kerti berendezések, „zöldítő” vállalkozások, természetközeli dizájn és különleges növényi eredetű szépségápolási, wellness és gasztronómiai termékek, workshopok, beszélgetések, vezetett rózsakerti séta, ambient zene, gyerek foglalkozások várják a látogatókat. </span></div>
<div><span style="font-family: arial, sans-serif;">Várunk minden növény rajongót június 8-9-én Budapest legvirá</span><span>gosabb hétvégéjére a Budatétényi Rózsakertbe!</span></div>
</div>
<div><span style="color: #000000;"> </span></div>
<div>
<p><span style="color: #000000;"><span>I</span><span style="font-family: arial, sans-serif;">dőpont:<br />2024. június 8., szombat 9:00 – 19:00<br />2024. június 9., vasárnap 9:00 – 19:00</span></span></p>
<p><span style="color: #000000; font-family: arial, sans-serif;">Helyszín:<br />Budatétényi Rózsakert, 1223 Budapest, Budatétényi út 188-190.</span></p>
<p><a href="https://www.facebook.com/events/1501626617365311" target="_blank" data-saferedirecturl="https://www.google.com/url?q=https://www.facebook.com/events/1501626617365311&amp;source=gmail&amp;ust=1715963123963000&amp;usg=AOvVaw08f4MEkbDpeLOvXE7yCPax" rel="noopener">https://www.facebook.com/<wbr />events/1501626617365311</a></p>
</div>
</div>
</div>
<div><span style="font-family: arial, sans-serif;">Információ:</span></div>
<div><span style="font-family: arial, sans-serif;"><a href="mailto:bloomfestbudapest@gmail.com" target="_blank" rel="noopener">bloomfestbudapest@gmail.com</a></span></div>
<p>&nbsp;</p>
<p>[/et_pb_text][/et_pb_column][/et_pb_row][/et_pb_section]</p>

<p>BLOOM fest BudapestVárosban, virágosan… a Budatétényi Rózsakertben! Minden érzékszerveddel ott leszel!   Ahogy a rózsák szépségükkel, illatukkal, színeivel, szirmai ízével varázsolnak, azt szeretnénk, hogy ez a hétvége szóljon a növények, virágok adta örömről minden érzékszervvel érezhetően!:) A legszebb pompáját mutató 2,5 hektáros Rozáriumban június 8-9-én  kertészetek, kertépítők, kerttervezők, növény- és virágárusok, termelők, kerti berendezések, „zöldítő” vállalkozások, [&hellip;]</p>
