{"id":13,"date":"2024-01-31T16:37:10","date_gmt":"2024-01-31T16:37:10","guid":{"rendered":"https:\/\/bloomfestbudapest.hu\/?page_id=13"},"modified":"2024-05-29T05:41:55","modified_gmt":"2024-05-29T05:41:55","slug":"partnerek","status":"publish","type":"page","link":"https:\/\/bloomfestbudapest.hu\/index.php\/partnerek\/","title":{"rendered":"partnerek"},"content":{"rendered":"<p>[et_pb_section fb_built=&#8221;1&#8243; _builder_version=&#8221;4.24.2&#8243; _module_preset=&#8221;default&#8221; global_colors_info=&#8221;{}&#8221;][et_pb_row _builder_version=&#8221;4.24.2&#8243; _module_preset=&#8221;default&#8221; custom_margin=&#8221;118px||||false|false&#8221; global_colors_info=&#8221;{}&#8221;][et_pb_column type=&#8221;4_4&#8243; _builder_version=&#8221;4.24.2&#8243; _module_preset=&#8221;default&#8221; global_colors_info=&#8221;{}&#8221;][et_pb_text _builder_version=&#8221;4.24.2&#8243; _module_preset=&#8221;default&#8221; hover_enabled=&#8221;0&#8243; global_colors_info=&#8221;{}&#8221; sticky_enabled=&#8221;0&#8243;]<\/p>\n<p><a href=\"https:\/\/www.facebook.com\/budafoktetenyifesztival\/\"><strong>Budafok-T\u00e9t\u00e9nyi M\u0171v\u00e9szeti Fesztiv\u00e1l<\/strong><\/a><\/p>\n<p><a href=\"https:\/\/campona.hu\/\"><strong>Campona<\/strong><\/a><\/p>\n<p><strong>Fesztiv\u00e1l Magazin<\/strong><\/p>\n<p><a href=\"https:\/\/herbacio.hu\/\"><strong>Herb\u00e1ci\u00f3<\/strong><\/a><\/p>\n<p><a href=\"https:\/\/www.janegoodall.hu\/\"><strong>Jane Goodall Int\u00e9zet<\/strong><\/a><\/p>\n<p><a href=\"https:\/\/magyarmezogazdasag.hu\/kertbarat-magazin\/\"><strong>Kertbar\u00e1t Magazin<\/strong><\/a><\/p>\n<p><a href=\"https:\/\/magyarmezogazdasag.hu\/kerteszet-es-szoleszet\/\"><strong>Kert\u00e9szet \u00e9s Sz\u0151l\u00e9szet<\/strong><\/a><\/p>\n<p><a href=\"http:\/\/kertszabo.hu\/\"><strong>Kertszab\u00f3<\/strong><\/a><\/p>\n<p><a href=\"https:\/\/oazis.hu\/\"><strong>O\u00c1ZIS Kert\u00e9szet<\/strong><\/a><\/p>\n<p><a href=\"https:\/\/www.profipartner.hu\/\"><strong>Profi Partner 2003 Kft.<\/strong><\/a><\/p>\n<h5><\/h5>\n<p>[\/et_pb_text][\/et_pb_column][\/et_pb_row][\/et_pb_section]<\/p>\n","protected":false},"excerpt":{"rendered":"<p>Budafok-T\u00e9t\u00e9nyi M\u0171v\u00e9szeti Fesztiv\u00e1l Campona Fesztiv\u00e1l Magazin Herb\u00e1ci\u00f3 Jane Goodall Int\u00e9zet Kertbar\u00e1t Magazin Kert\u00e9szet \u00e9s Sz\u0151l\u00e9szet Kertszab\u00f3 O\u00c1ZIS Kert\u00e9szet Profi Partner 2003 Kft.<\/p>\n","protected":false},"author":1,"featured_media":0,"parent":0,"menu_order":0,"comment_status":"closed","ping_status":"closed","template":"","meta":{"_et_pb_use_builder":"on","_et_pb_old_content":"","_et_gb_content_width":"","footnotes":""},"class_list":["post-13","page","type-page","status-publish","hentry"],"_links":{"self":[{"href":"https:\/\/bloomfestbudapest.hu\/index.php\/wp-json\/wp\/v2\/pages\/13","targetHints":{"allow":["GET"]}}],"collection":[{"href":"https:\/\/bloomfestbudapest.hu\/index.php\/wp-json\/wp\/v2\/pages"}],"about":[{"href":"https:\/\/bloomfestbudapest.hu\/index.php\/wp-json\/wp\/v2\/types\/page"}],"author":[{"embeddable":true,"href":"https:\/\/bloomfestbudapest.hu\/index.php\/wp-json\/wp\/v2\/users\/1"}],"replies":[{"embeddable":true,"href":"https:\/\/bloomfestbudapest.hu\/index.php\/wp-json\/wp\/v2\/comments?post=13"}],"version-history":[{"count":8,"href":"https:\/\/bloomfestbudapest.hu\/index.php\/wp-json\/wp\/v2\/pages\/13\/revisions"}],"predecessor-version":[{"id":276,"href":"https:\/\/bloomfestbudapest.hu\/index.php\/wp-json\/wp\/v2\/pages\/13\/revisions\/276"}],"wp:attachment":[{"href":"https:\/\/bloomfestbudapest.hu\/index.php\/wp-json\/wp\/v2\/media?parent=13"}],"curies":[{"name":"wp","href":"https:\/\/api.w.org\/{rel}","templated":true}]}}